{"id":795,"date":"2025-01-18T15:23:06","date_gmt":"2025-01-18T15:23:06","guid":{"rendered":"https:\/\/herda.rs\/?post_type=product&#038;p=795"},"modified":"2025-01-18T16:35:35","modified_gmt":"2025-01-18T16:35:35","slug":"herda-naturale-detox-eliksir","status":"publish","type":"product","link":"https:\/\/herda.rs\/?product=herda-naturale-detox-eliksir","title":{"rendered":"Herda Naturale &#8211; Detoks Eliksir"},"content":{"rendered":"<p>Za optimalan efekat, preporu\u010duje se konzumirati ga u trajanju od 1-3 meseca, u dozi od 15 kapi dnevno, pre obroka.<\/p>\n","protected":false},"excerpt":{"rendered":"<p><strong>Herda Naturale Detoks Eliksir<\/strong><\/p>\n<p>Herda Detoks Eliksir je 100% prirodan proizvod novijeg datuma, koji se pokazao kao izuzetno efikasan u detoksikaciji organizma. Ovaj eliksir deluje tako \u0161to poma\u017ee eliminaciji toksina i \u0161tetnih materija iz tela kroz poja\u010dano znojenje, br\u017eu peristaltiku i \u010di\u0161\u0107enje creva i mokra\u0107ne be\u0161ike.<\/p>\n","protected":false},"featured_media":780,"comment_status":"open","ping_status":"closed","template":"","meta":{"_kadence_starter_templates_imported_post":false,"_kad_post_transparent":"default","_kad_post_title":"","_kad_post_layout":"default","_kad_post_sidebar_id":"","_kad_post_content_style":"default","_kad_post_vertical_padding":"default","_kad_post_feature":"","_kad_post_feature_position":"","_kad_post_header":false,"_kad_post_footer":false},"product_brand":[],"product_cat":[19],"product_tag":[],"class_list":{"0":"post-795","1":"product","2":"type-product","3":"status-publish","4":"has-post-thumbnail","6":"product_cat-herda-naturale-sirupi-i-eliksiri","8":"first","9":"instock","10":"featured","11":"shipping-taxable","12":"purchasable","13":"product-type-simple","14":"entry","15":"content-bg","16":"loop-entry"},"yoast_head":"<!-- This site is optimized with the Yoast SEO plugin v24.8 - https:\/\/yoast.com\/wordpress\/plugins\/seo\/ -->\n<title>Herda Naturale - Detoks Eliksir - Herda.rs<\/title>\n<meta name=\"robots\" content=\"index, follow, max-snippet:-1, max-image-preview:large, max-video-preview:-1\" \/>\n<link rel=\"canonical\" href=\"https:\/\/herda.rs\/?product=herda-naturale-detox-eliksir\" \/>\n<meta property=\"og:locale\" content=\"sr_RS\" \/>\n<meta property=\"og:type\" content=\"article\" \/>\n<meta property=\"og:title\" content=\"Herda Naturale - Detoks Eliksir - Herda.rs\" \/>\n<meta property=\"og:description\" content=\"Herda Naturale Detoks Eliksir  Herda Detoks Eliksir je 100% prirodan proizvod novijeg datuma, koji se pokazao kao izuzetno efikasan u detoksikaciji organizma. Ovaj eliksir deluje tako \u0161to poma\u017ee eliminaciji toksina i \u0161tetnih materija iz tela kroz poja\u010dano znojenje, br\u017eu peristaltiku i \u010di\u0161\u0107enje creva i mokra\u0107ne be\u0161ike.\" \/>\n<meta property=\"og:url\" content=\"https:\/\/herda.rs\/?product=herda-naturale-detox-eliksir\" \/>\n<meta property=\"og:site_name\" content=\"Herda.rs\" \/>\n<meta property=\"article:modified_time\" content=\"2025-01-18T16:35:35+00:00\" \/>\n<meta property=\"og:image\" content=\"https:\/\/herda.rs\/wp-content\/uploads\/2025\/01\/14-1.jpg\" \/>\n\t<meta property=\"og:image:width\" content=\"1080\" \/>\n\t<meta property=\"og:image:height\" content=\"1080\" \/>\n\t<meta property=\"og:image:type\" content=\"image\/jpeg\" \/>\n<meta name=\"twitter:card\" content=\"summary_large_image\" \/>\n<script type=\"application\/ld+json\" class=\"yoast-schema-graph\">{\"@context\":\"https:\/\/schema.org\",\"@graph\":[{\"@type\":\"WebPage\",\"@id\":\"https:\/\/herda.rs\/?product=herda-naturale-detox-eliksir\",\"url\":\"https:\/\/herda.rs\/?product=herda-naturale-detox-eliksir\",\"name\":\"Herda Naturale - Detoks Eliksir - Herda.rs\",\"isPartOf\":{\"@id\":\"https:\/\/herda.rs\/#website\"},\"primaryImageOfPage\":{\"@id\":\"https:\/\/herda.rs\/?product=herda-naturale-detox-eliksir#primaryimage\"},\"image\":{\"@id\":\"https:\/\/herda.rs\/?product=herda-naturale-detox-eliksir#primaryimage\"},\"thumbnailUrl\":\"https:\/\/herda.rs\/wp-content\/uploads\/2025\/01\/14-1.jpg\",\"datePublished\":\"2025-01-18T15:23:06+00:00\",\"dateModified\":\"2025-01-18T16:35:35+00:00\",\"breadcrumb\":{\"@id\":\"https:\/\/herda.rs\/?product=herda-naturale-detox-eliksir#breadcrumb\"},\"inLanguage\":\"sr-RS\",\"potentialAction\":[{\"@type\":\"ReadAction\",\"target\":[\"https:\/\/herda.rs\/?product=herda-naturale-detox-eliksir\"]}]},{\"@type\":\"ImageObject\",\"inLanguage\":\"sr-RS\",\"@id\":\"https:\/\/herda.rs\/?product=herda-naturale-detox-eliksir#primaryimage\",\"url\":\"https:\/\/herda.rs\/wp-content\/uploads\/2025\/01\/14-1.jpg\",\"contentUrl\":\"https:\/\/herda.rs\/wp-content\/uploads\/2025\/01\/14-1.jpg\",\"width\":1080,\"height\":1080,\"caption\":\"Herda Detox Eliksir\"},{\"@type\":\"BreadcrumbList\",\"@id\":\"https:\/\/herda.rs\/?product=herda-naturale-detox-eliksir#breadcrumb\",\"itemListElement\":[{\"@type\":\"ListItem\",\"position\":1,\"name\":\"\u041f\u043e\u0447\u0435\u0442\u043d\u0430\",\"item\":\"https:\/\/herda.rs\/\"},{\"@type\":\"ListItem\",\"position\":2,\"name\":\"Proizvodi\",\"item\":\"https:\/\/herda.rs\/?page_id=59\"},{\"@type\":\"ListItem\",\"position\":3,\"name\":\"Herda Naturale &#8211; Detoks Eliksir\"}]},{\"@type\":\"WebSite\",\"@id\":\"https:\/\/herda.rs\/#website\",\"url\":\"https:\/\/herda.rs\/\",\"name\":\"Herda.rs\",\"description\":\"Priroda u slu\u017ebi va\u0161eg zdravlja \u2013 100% prirodni proizvodi za negu i zdravlje celog tela.\",\"alternateName\":\"Herda Naturale\",\"potentialAction\":[{\"@type\":\"SearchAction\",\"target\":{\"@type\":\"EntryPoint\",\"urlTemplate\":\"https:\/\/herda.rs\/?s={search_term_string}\"},\"query-input\":{\"@type\":\"PropertyValueSpecification\",\"valueRequired\":true,\"valueName\":\"search_term_string\"}}],\"inLanguage\":\"sr-RS\"}]}<\/script>\n<!-- \/ Yoast SEO plugin. -->","yoast_head_json":{"title":"Herda Naturale - Detoks Eliksir - Herda.rs","robots":{"index":"index","follow":"follow","max-snippet":"max-snippet:-1","max-image-preview":"max-image-preview:large","max-video-preview":"max-video-preview:-1"},"canonical":"https:\/\/herda.rs\/?product=herda-naturale-detox-eliksir","og_locale":"sr_RS","og_type":"article","og_title":"Herda Naturale - Detoks Eliksir - Herda.rs","og_description":"Herda Naturale Detoks Eliksir  Herda Detoks Eliksir je 100% prirodan proizvod novijeg datuma, koji se pokazao kao izuzetno efikasan u detoksikaciji organizma. Ovaj eliksir deluje tako \u0161to poma\u017ee eliminaciji toksina i \u0161tetnih materija iz tela kroz poja\u010dano znojenje, br\u017eu peristaltiku i \u010di\u0161\u0107enje creva i mokra\u0107ne be\u0161ike.","og_url":"https:\/\/herda.rs\/?product=herda-naturale-detox-eliksir","og_site_name":"Herda.rs","article_modified_time":"2025-01-18T16:35:35+00:00","og_image":[{"width":1080,"height":1080,"url":"https:\/\/herda.rs\/wp-content\/uploads\/2025\/01\/14-1.jpg","type":"image\/jpeg"}],"twitter_card":"summary_large_image","schema":{"@context":"https:\/\/schema.org","@graph":[{"@type":"WebPage","@id":"https:\/\/herda.rs\/?product=herda-naturale-detox-eliksir","url":"https:\/\/herda.rs\/?product=herda-naturale-detox-eliksir","name":"Herda Naturale - Detoks Eliksir - Herda.rs","isPartOf":{"@id":"https:\/\/herda.rs\/#website"},"primaryImageOfPage":{"@id":"https:\/\/herda.rs\/?product=herda-naturale-detox-eliksir#primaryimage"},"image":{"@id":"https:\/\/herda.rs\/?product=herda-naturale-detox-eliksir#primaryimage"},"thumbnailUrl":"https:\/\/herda.rs\/wp-content\/uploads\/2025\/01\/14-1.jpg","datePublished":"2025-01-18T15:23:06+00:00","dateModified":"2025-01-18T16:35:35+00:00","breadcrumb":{"@id":"https:\/\/herda.rs\/?product=herda-naturale-detox-eliksir#breadcrumb"},"inLanguage":"sr-RS","potentialAction":[{"@type":"ReadAction","target":["https:\/\/herda.rs\/?product=herda-naturale-detox-eliksir"]}]},{"@type":"ImageObject","inLanguage":"sr-RS","@id":"https:\/\/herda.rs\/?product=herda-naturale-detox-eliksir#primaryimage","url":"https:\/\/herda.rs\/wp-content\/uploads\/2025\/01\/14-1.jpg","contentUrl":"https:\/\/herda.rs\/wp-content\/uploads\/2025\/01\/14-1.jpg","width":1080,"height":1080,"caption":"Herda Detox Eliksir"},{"@type":"BreadcrumbList","@id":"https:\/\/herda.rs\/?product=herda-naturale-detox-eliksir#breadcrumb","itemListElement":[{"@type":"ListItem","position":1,"name":"\u041f\u043e\u0447\u0435\u0442\u043d\u0430","item":"https:\/\/herda.rs\/"},{"@type":"ListItem","position":2,"name":"Proizvodi","item":"https:\/\/herda.rs\/?page_id=59"},{"@type":"ListItem","position":3,"name":"Herda Naturale &#8211; Detoks Eliksir"}]},{"@type":"WebSite","@id":"https:\/\/herda.rs\/#website","url":"https:\/\/herda.rs\/","name":"Herda.rs","description":"Priroda u slu\u017ebi va\u0161eg zdravlja \u2013 100% prirodni proizvodi za negu i zdravlje celog tela.","alternateName":"Herda Naturale","potentialAction":[{"@type":"SearchAction","target":{"@type":"EntryPoint","urlTemplate":"https:\/\/herda.rs\/?s={search_term_string}"},"query-input":{"@type":"PropertyValueSpecification","valueRequired":true,"valueName":"search_term_string"}}],"inLanguage":"sr-RS"}]}},"_links":{"self":[{"href":"https:\/\/herda.rs\/index.php?rest_route=\/wp\/v2\/product\/795","targetHints":{"allow":["GET"]}}],"collection":[{"href":"https:\/\/herda.rs\/index.php?rest_route=\/wp\/v2\/product"}],"about":[{"href":"https:\/\/herda.rs\/index.php?rest_route=\/wp\/v2\/types\/product"}],"replies":[{"embeddable":true,"href":"https:\/\/herda.rs\/index.php?rest_route=%2Fwp%2Fv2%2Fcomments&post=795"}],"wp:featuredmedia":[{"embeddable":true,"href":"https:\/\/herda.rs\/index.php?rest_route=\/wp\/v2\/media\/780"}],"wp:attachment":[{"href":"https:\/\/herda.rs\/index.php?rest_route=%2Fwp%2Fv2%2Fmedia&parent=795"}],"wp:term":[{"taxonomy":"product_brand","embeddable":true,"href":"https:\/\/herda.rs\/index.php?rest_route=%2Fwp%2Fv2%2Fproduct_brand&post=795"},{"taxonomy":"product_cat","embeddable":true,"href":"https:\/\/herda.rs\/index.php?rest_route=%2Fwp%2Fv2%2Fproduct_cat&post=795"},{"taxonomy":"product_tag","embeddable":true,"href":"https:\/\/herda.rs\/index.php?rest_route=%2Fwp%2Fv2%2Fproduct_tag&post=795"}],"curies":[{"name":"wp","href":"https:\/\/api.w.org\/{rel}","templated":true}]}}